{"id":37,"date":"2021-11-27T22:42:30","date_gmt":"2021-11-27T22:42:30","guid":{"rendered":"https:\/\/plumber-gp.wordifysites.com\/?page_id=37"},"modified":"2024-10-18T10:30:59","modified_gmt":"2024-10-18T08:30:59","slug":"kontakt","status":"publish","type":"page","link":"http:\/\/avis.strefa.pl\/index.php\/kontakt\/","title":{"rendered":"Kontakt"},"content":{"rendered":"<section class=\"gb-container gb-container-cca95d74\">\n<div class=\"gb-container gb-container-396f1780\"><\/div>\n\n<div class=\"gb-container gb-container-b9b89543 box-shadow\">\n\n<p class=\"gb-headline gb-headline-899d3ccd gb-headline-text\">F.H.U. AVIS<\/p>\n\n\n\n<p class=\"gb-headline gb-headline-9135ec0b gb-headline-text\">Masz pytania? Napisz<\/p>\n\n\n\n<p class=\"gb-headline gb-headline-31c88bbd gb-headline-text\"><div class=\"wpforms-container wpforms-container-full wpforms-render-modern\" id=\"wpforms-1698\"><form id=\"wpforms-form-1698\" class=\"wpforms-validate wpforms-form wpforms-ajax-form\" data-formid=\"1698\" method=\"post\" enctype=\"multipart\/form-data\" action=\"\/index.php\/wp-json\/wp\/v2\/pages\/37\" data-token=\"271904caf56c86d4ad3863c25ba143da\"><noscript class=\"wpforms-error-noscript\">Aby wype\u0142ni\u0107 ten formularz, w\u0142\u0105cz obs\u0142ug\u0119 JavaScript w przegl\u0105darce.<\/noscript><div class=\"wpforms-hidden\" id=\"wpforms-error-noscript\">Aby wype\u0142ni\u0107 ten formularz, w\u0142\u0105cz obs\u0142ug\u0119 JavaScript w przegl\u0105darce.<\/div><div class=\"wpforms-field-container\"><div id=\"wpforms-1698-field_0-container\" class=\"wpforms-field wpforms-field-name\" data-field-id=\"0\"><fieldset><legend class=\"wpforms-field-label\">Imi\u0119 i nazwisko <span class=\"wpforms-required-label\" aria-hidden=\"true\">*<\/span><\/legend><div class=\"wpforms-field-row wpforms-field-medium\"><div class=\"wpforms-field-row-block wpforms-first wpforms-one-half\"><input type=\"text\" id=\"wpforms-1698-field_0\" class=\"wpforms-field-name-first wpforms-field-required\" name=\"wpforms[fields][0][first]\" aria-errormessage=\"wpforms-1698-field_0-error\" required><label for=\"wpforms-1698-field_0\" class=\"wpforms-field-sublabel after \">Imi\u0119<\/label><\/div><div class=\"wpforms-field-row-block wpforms-one-half\"><input type=\"text\" id=\"wpforms-1698-field_0-last\" class=\"wpforms-field-name-last wpforms-field-required\" name=\"wpforms[fields][0][last]\" aria-errormessage=\"wpforms-1698-field_0-last-error\" required><label for=\"wpforms-1698-field_0-last\" class=\"wpforms-field-sublabel after \">Nazwisko<\/label><\/div><\/div><\/fieldset><\/div><div id=\"wpforms-1698-field_1-container\" class=\"wpforms-field wpforms-field-email\" data-field-id=\"1\"><label class=\"wpforms-field-label\" for=\"wpforms-1698-field_1\">E-mail <span class=\"wpforms-required-label\" aria-hidden=\"true\">*<\/span><\/label><input type=\"email\" id=\"wpforms-1698-field_1\" class=\"wpforms-field-medium wpforms-field-required\" name=\"wpforms[fields][1]\" spellcheck=\"false\" aria-errormessage=\"wpforms-1698-field_1-error\" required><\/div><div id=\"wpforms-1698-field_2-container\" class=\"wpforms-field wpforms-field-textarea\" data-field-id=\"2\"><label class=\"wpforms-field-label\" for=\"wpforms-1698-field_2\">Komentarz lub wiadomo\u015b\u0107<\/label><textarea id=\"wpforms-1698-field_2\" class=\"wpforms-field-medium\" name=\"wpforms[fields][2]\" aria-errormessage=\"wpforms-1698-field_2-error\" ><\/textarea><\/div><\/div><!-- .wpforms-field-container --><div class=\"wpforms-submit-container\" ><input type=\"hidden\" name=\"wpforms[id]\" value=\"1698\"><input type=\"hidden\" name=\"wpforms[author]\" value=\"1\"><button type=\"submit\" name=\"wpforms[submit]\" id=\"wpforms-submit-1698\" class=\"wpforms-submit\" data-alt-text=\"Wysy\u0142anie...\" data-submit-text=\"Prze\u015blij\" aria-live=\"assertive\" value=\"wpforms-submit\">Prze\u015blij<\/button><img loading=\"lazy\" decoding=\"async\" src=\"http:\/\/avis.strefa.pl\/wp-content\/plugins\/wpforms-lite\/assets\/images\/submit-spin.svg\" class=\"wpforms-submit-spinner\" style=\"display: none;\" width=\"26\" height=\"26\" alt=\"Wczytywanie\"><\/div><\/form><\/div>  <!-- .wpforms-container --><\/p>\n\n\n\n<p>\u201e<em>Administratorem danych os\u00f3b kontaktuj\u0105cych si\u0119 jest F.H.U. \u201eAVIS\u201d SYLWESTER WO\u0179NIAK, ul. Obuwnicza 9A, 26-110 Skar\u017cysko-Kamienna, tel. 600 856 227.&#8221;<\/em><br>Dane b\u0119d\u0105 przetwarzane w celu udzielenia odpowiedzi na zadane pytanie na \u017c\u0105danie osoby, kt\u00f3rej dane dotycz\u0105. Wi\u0119cej informacji znajdziesz w&nbsp;<a href=\"http:\/\/avis.strefa.pl\/index.php\/polityka-prywatnosci\/\">polityce prywatno\u015bci<\/a>.\u201d<\/p>\n\n<\/div>\n<\/section>\n\n<section class=\"gb-container gb-container-2c414c94\">\n<div class=\"gb-container gb-container-f9da9a46\">\n\n<p class=\"gb-headline gb-headline-05efe5b2 gb-headline-text\">Adres<\/p>\n\n\n\n<h2 class=\"gb-headline gb-headline-bd381e49 gb-headline-text\">Zapraszamy do <mark class=\"gb-highlight\">biura<\/mark><\/h2>\n\n\n\n<p class=\"gb-headline gb-headline-592b2e38 gb-headline-text\">Pracujemy w nowym budynku firmy. Urz\u0105dzili\u015bmy pomieszczenia biurowe, socjalne i magazynowe. Wszystko dostosowali\u015bmy do potrzeb i wymaga\u0144 dzia\u0142alno\u015bci firmy.<\/p>\n\n\n\n<p class=\"gb-headline gb-headline-0cacce38\"><span class=\"gb-icon\"><svg aria-hidden=\"true\" height=\"1em\" width=\"1em\" viewBox=\"0 0 512 512\" xmlns=\"http:\/\/www.w3.org\/2000\/svg\"><path fill=\"currentColor\" d=\"M493.4 24.6l-104-24c-11.3-2.6-22.9 3.3-27.5 13.9l-48 112c-4.2 9.8-1.4 21.3 6.9 28l60.6 49.6c-36 76.7-98.9 140.5-177.2 177.2l-49.6-60.6c-6.8-8.3-18.2-11.1-28-6.9l-112 48C3.9 366.5-2 378.1.6 389.4l24 104C27.1 504.2 36.7 512 48 512c256.1 0 464-207.5 464-464 0-11.2-7.7-20.9-18.6-23.4z\"><\/path><\/svg><\/span><span class=\"gb-headline-text\"><a href=\"tel:+48600856227\">Skar\u017cysko-Kamienna, Obuwnicza 9A<\/a><\/span><\/p>\n\n\n\n<p class=\"gb-headline gb-headline-4d1e3af2\"><span class=\"gb-icon\"><svg aria-hidden=\"true\" height=\"1em\" width=\"1em\" viewBox=\"0 0 512 512\" xmlns=\"http:\/\/www.w3.org\/2000\/svg\"><path fill=\"currentColor\" d=\"M493.4 24.6l-104-24c-11.3-2.6-22.9 3.3-27.5 13.9l-48 112c-4.2 9.8-1.4 21.3 6.9 28l60.6 49.6c-36 76.7-98.9 140.5-177.2 177.2l-49.6-60.6c-6.8-8.3-18.2-11.1-28-6.9l-112 48C3.9 366.5-2 378.1.6 389.4l24 104C27.1 504.2 36.7 512 48 512c256.1 0 464-207.5 464-464 0-11.2-7.7-20.9-18.6-23.4z\"><\/path><\/svg><\/span><span class=\"gb-headline-text\"><a href=\"tel:+48600856227\">+48 600 856 227<\/a><\/span><\/p>\n\n\n\n<p class=\"gb-headline gb-headline-a52384b2\"><span class=\"gb-icon\"><svg aria-hidden=\"true\" height=\"1em\" width=\"1em\" viewBox=\"0 0 512 512\" xmlns=\"http:\/\/www.w3.org\/2000\/svg\"><path fill=\"currentColor\" d=\"M464 64H48C21.49 64 0 85.49 0 112v288c0 26.51 21.49 48 48 48h416c26.51 0 48-21.49 48-48V112c0-26.51-21.49-48-48-48zm0 48v40.805c-22.422 18.259-58.168 46.651-134.587 106.49-16.841 13.247-50.201 45.072-73.413 44.701-23.208.375-56.579-31.459-73.413-44.701C106.18 199.465 70.425 171.067 48 152.805V112h416zM48 400V214.398c22.914 18.251 55.409 43.862 104.938 82.646 21.857 17.205 60.134 55.186 103.062 54.955 42.717.231 80.509-37.199 103.053-54.947 49.528-38.783 82.032-64.401 104.947-82.653V400H48z\"><\/path><\/svg><\/span><span class=\"gb-headline-text\"><a href=\"mailto:avis@avis.strefa.pl\">avis@avis.strefa.pl<\/a><\/span><\/p>\n\n\n<div class=\"gb-container gb-container-f46bdc42\">\n\n<p style=\"font-size:13px\"><strong>US\u0141UGI ELEKTROINSTALATORSKIE<\/strong><br><br><strong>Sylwester Wo\u017aniak<\/strong><br><strong><a href=\"tel:606435424\" data-type=\"page\" data-id=\"1718\">+48 606 435 424<\/a><\/strong><br><a href=\"mailto:sylwek.wozniak@avis.strefa.pl\">sylwek.wozniak@avis.strefa.pl<\/a><br><br><strong>Biuro<br><a href=\"tel:+48600856227\">+48 600 856 227<\/a><\/strong><br>\u00a0<a href=\"mailto:uslugi@avis.strefa.pl\">uslugi@avis.strefa.pl<\/a><\/p>\n\n<\/div>\n<\/div>\n\n<div class=\"gb-container gb-container-f8e96530\">\n\n<figure class=\"gb-block-image gb-block-image-82347072\"><img loading=\"lazy\" decoding=\"async\" width=\"960\" height=\"643\" class=\"gb-image gb-image-82347072\" src=\"http:\/\/avis.strefa.pl\/wp-content\/uploads\/2023\/10\/avis-google-maps.jpg\" alt=\"\" title=\"avis-google-maps\" srcset=\"http:\/\/avis.strefa.pl\/wp-content\/uploads\/2023\/10\/avis-google-maps.jpg 960w, http:\/\/avis.strefa.pl\/wp-content\/uploads\/2023\/10\/avis-google-maps-300x201.jpg 300w, http:\/\/avis.strefa.pl\/wp-content\/uploads\/2023\/10\/avis-google-maps-768x514.jpg 768w\" sizes=\"auto, (max-width: 960px) 100vw, 960px\" \/><\/figure>\n\n<\/div>\n<\/section>","protected":false},"excerpt":{"rendered":"<p>F.H.U. AVIS Masz pytania? Napisz \u201eAdministratorem danych os\u00f3b kontaktuj\u0105cych si\u0119 jest F.H.U. \u201eAVIS\u201d SYLWESTER WO\u0179NIAK, ul. Obuwnicza 9A, 26-110 Skar\u017cysko-Kamienna, tel. 600 856 227.&#8221;Dane b\u0119d\u0105 przetwarzane w celu udzielenia odpowiedzi na zadane pytanie na \u017c\u0105danie osoby, kt\u00f3rej dane dotycz\u0105. Wi\u0119cej informacji znajdziesz w&nbsp;polityce prywatno\u015bci.\u201d Adres Zapraszamy do biura Pracujemy w nowym budynku firmy. Urz\u0105dzili\u015bmy pomieszczenia &#8230; <\/p>\n<p class=\"read-more-container\"><a title=\"Kontakt\" class=\"read-more button\" href=\"http:\/\/avis.strefa.pl\/index.php\/kontakt\/#more-37\" aria-label=\"More on Kontakt\">Czytaj dalej<\/a><\/p>\n","protected":false},"author":1,"featured_media":0,"parent":0,"menu_order":0,"comment_status":"closed","ping_status":"closed","template":"","meta":{"footnotes":""},"class_list":["post-37","page","type-page","status-publish"],"_links":{"self":[{"href":"http:\/\/avis.strefa.pl\/index.php\/wp-json\/wp\/v2\/pages\/37","targetHints":{"allow":["GET"]}}],"collection":[{"href":"http:\/\/avis.strefa.pl\/index.php\/wp-json\/wp\/v2\/pages"}],"about":[{"href":"http:\/\/avis.strefa.pl\/index.php\/wp-json\/wp\/v2\/types\/page"}],"author":[{"embeddable":true,"href":"http:\/\/avis.strefa.pl\/index.php\/wp-json\/wp\/v2\/users\/1"}],"replies":[{"embeddable":true,"href":"http:\/\/avis.strefa.pl\/index.php\/wp-json\/wp\/v2\/comments?post=37"}],"version-history":[{"count":17,"href":"http:\/\/avis.strefa.pl\/index.php\/wp-json\/wp\/v2\/pages\/37\/revisions"}],"predecessor-version":[{"id":1777,"href":"http:\/\/avis.strefa.pl\/index.php\/wp-json\/wp\/v2\/pages\/37\/revisions\/1777"}],"wp:attachment":[{"href":"http:\/\/avis.strefa.pl\/index.php\/wp-json\/wp\/v2\/media?parent=37"}],"curies":[{"name":"wp","href":"https:\/\/api.w.org\/{rel}","templated":true}]}}